he prime factors of 83543?
19, 4397
What are the prime factors of 3934?
2, 7, 281
List the prime factors of 828.
2, 3, 23
What are the prime factors of 612?
2, 3, 17
List the prime factors of 392.
2, 7
What are the prime factors of 26394?
2, 3, 53, 83
What are the prime factors of 5195?
5, 1039
What are the prime factors of 4467?
3, 1489
List the prime factors of 7226.
2, 3613
List the prime factors of 2298.
2, 3, 383
List the prime factors of 866.
2, 433
List the prime factors of 1840.
2, 5, 23
List the prime factors of 1162.
2, 7, 83
List the prime factors of 7410.
2, 3, 5, 13, 19
List the prime factors of 38996.
2, 9749
What are the prime factors of 22464?
2, 3, 13
List the prime factors of 754.
2, 13, 29
What are the prime factors of 1020?
2, 3, 5, 17
List the prime factors of 72299.
197, 367
What are the prime factors of 4110?
2, 3, 5, 137
What are the prime factors of 5236?
2, 7, 11, 17
List the prime factors of 5857.
5857
What are the prime factors of 1443?
3, 13, 37
What are the prime factors of 427?
7, 61
List the prime factors of 1006.
2, 503
List the prime factors of 6623.
37, 179
What are the prime factors of 12820?
2, 5, 641
List the prime factors of 64580.
2, 5, 3229
What are the prime factors of 1163?
1163
List the prime factors of 1067.
11, 97
List the prime factors of 658.
2, 7, 47
What are the prime factors of 324?
2, 3
What are the prime factors of 1343?
17, 79
List the prime factors of 19458.
2, 3, 23, 47
What are the prime factors of 16366?
2, 7, 167
List the prime factors of 5443.
5443
What are the prime factors of 736?
2, 23
What are the prime factors of 5693?
5693
What are the prime factors of 700?
2, 5, 7
What are the prime factors of 3706?
2, 17, 109
What are the prime factors of 15566?
2, 43, 181
List the prime factors of 5115.
3, 5, 11, 31
What are the prime factors of 5382?
2, 3, 13, 23
What are the prime factors of 3251?
3251
List the prime factors of 1517.
37, 41
List the prime factors of 623.
7, 89
What are the prime factors of 28454?
2, 41, 347
List the prime factors of 1355.
5, 271
List the prime factors of 99938.
2, 107, 467
List the prime factors of 6317.
6317
List the prime factors of 1297.
1297
List the prime factors of 22469.
22469
What are the prime factors of 92801?
92801
What are the prime factors of 6430?
2, 5, 643
What are the prime factors of 42413?
7, 73, 83
What are the prime factors of 26986?
2, 103, 131
What are the prime factors of 4659?
3, 1553
What are the prime factors of 37122?
2, 3, 23, 269
What are the prime factors of 4261?
4261
List the prime factors of 56583.
3, 6287
What are the prime factors of 607?
607
List the prime factors of 61971.
3, 7, 13, 227
What are the prime factors of 7450?
2, 5, 149
List the prime factors of 33829.
33829
What are the prime factors of 150588?
2, 3, 47, 89
What are the prime factors of 17735?
5, 3547
List the prime factors of 54929.
7, 19, 59
List the prime factors of 1347.
3, 449
List the prime factors of 148.
2, 37
What are the prime factors of 70815?
3, 5, 4721
List the prime factors of 118160.
2, 5, 7, 211
What are the prime factors of 27305?
5, 43, 127
List the prime factors of 11728.
2, 733
What are the prime factors of 15?
3, 5
What are the prime factors of 31437?
3, 7, 499
What are the prime factors of 580?
2, 5, 29
List the prime factors of 2854.
2, 1427
What are the prime factors of 7478?
2, 3739
List the prime factors of 516.
2, 3, 43
List the prime factors of 4672.
2, 73
What are the prime factors of 1548?
2, 3, 43
List the prime factors of 20910.
2, 3, 5, 17, 41
List the prime factors of 5175.
3, 5, 23
List the prime factors of 1823.
1823
What are the prime factors of 489?
3, 163
What are the prime factors of 65256?
2, 3, 2719
What are the prime factors of 45657?
3, 19, 89
What are the prime factors of 6815?
5, 29, 47
What are the prime factors of 1905?
3, 5, 127
List the prime factors of 97987.
97987
List the prime factors of 17102.
2, 17, 503
List the prime factors of 23632.
2, 7, 211
What are the prime factors of 2582?
2, 1291
List the prime factors of 1253.
7, 179
What are the prime factors of 32341?
32341
What are the prime factors of 51316?
2, 12829
List the prime factors of 1059.
3, 353
What are the prime factors of 4298?
2, 7, 307
List the prime factors of 14248.
2, 13, 137
What are the prime factors of 1352?
2, 13
List the prime factors of 27997.
27997
List the prime factors of 5343.
3, 13, 137
List the prime factors of 77454.
2, 3, 13, 331
List the prime factors of 29852.
2, 17, 439
What are the prime factors of 1057?
7, 151
What are the prime factors of 3089?
3089
What are the prime factors of 4190?
2, 5, 419
List the prime factors of 105758.
2, 52879
What are the prime factors of 41006?
2, 7, 29, 101
List the prime factors of 1929.
3, 643
List the prime factors of 1080.
2, 3, 5
List the prime factors of 425.
5, 17
What are the prime factors of 29642?
2, 14821
List the prime factors of 3740.
2, 5, 11, 17
What are the prime factors of 1774?
2, 887
List the prime factors of 90750.
2, 3, 5, 11
List the prime factors of 6795.
3, 5, 151
List the prime factors of 10636.
2, 2659
What are the prime factors of 6121?
6121
List the prime factors of 170.
2, 5, 17
List the prime factors of 1870.
2, 5, 11, 17
What are the prime factors of 72340?
2, 5, 3617
List the prime factors of 3581.
3581
List the prime factors of 3724.
2, 7, 19
List the prime factors of 2351.
2351
What are the prime factors of 1480?
2, 5, 37
What are the prime factors of 20044?
2, 5011
What are the prime factors of 1687?
7, 241
List the prime factors of 179633.
179633
What are the prime factors of 104733?
3, 431
List the prime factors of 3437.
7, 491
List the prime factors of 11499.
3, 3833
List the prime factors of 3108.
2, 3, 7, 37
What are the prime factors of 553?
7, 79
List the prime factors of 105461.
163, 647
What are the prime factors of 697?
17, 41
List the prime factors of 1090.
2, 5, 109
What are the prime factors of 39767?
7, 13, 19, 23
What are the prime factors of 6172?
2, 1543
List the prime factors of 9667.
7, 1381
What are the prime factors of 1896?
2, 3, 79
List the prime factors of 2891.
7, 59
List the prime factors of 43079.
23, 1873
What are the prime factors of 7186?
2, 3593
What are the prime factors of 1269?
3, 47
What are the prime factors of 6934?
2, 3467
List the prime factors of 27295.
5, 53, 103
What are the prime factors of 17398?
2, 8699
What are the prime factors of 9330?
2, 3, 5, 311
List the prime factors of 8182.
2, 4091
List the prime factors of 7255.
5, 1451
What are the prime factors of 4561?
4561
List the prime factors of 10189.
23, 443
List the prime factors of 102662.
2, 7, 7333
List the prime factors of 78903.
3, 11, 797
List the prime factors of 2412.
2, 3, 67
List the prime factors of 12215.
5, 7, 349
What are the prime factors of 4536?
2, 3, 7
List the prime factors of 1708.
2, 7, 61
What are the prime factors of 4449?
3, 1483
What are the prime factors of 50649?
3, 16883
What are the prime factors of 1733?
1733
List the prime factors of 4450.
2, 5, 89
List the prime factors of 52368.
2, 3, 1091
What are the prime factors of 137?
137
List the prime factors of 779.
19, 41
What are the prime factors of 32690?
2, 5, 7, 467
What are the prime factors of 93?
3, 31
List the prime factors of 27386.
2, 13693
List the prime factors of 2566.
2, 1283
What are the prime factors of 3105?
3, 5, 23
List the prime factors of 3130.
2, 5, 313
What are the prime factors of 276?
2, 3, 23
What are the prime factors of 4517?
4517
What are the prime factors of 47357?
23, 29, 71
List the prime factors of 1732.
2, 433
List the prime factors of 3683.
29, 127
List the prime factors of 1852.
2, 463
What are the prime factors of 442?
2, 13, 17
What are the prime factors of 71634?
2, 3, 11939
List the prime factors of 8665.
5, 1733
List the prime factors of 2203.
2203
List the prime factors of 88878.
2, 3, 14813
List the prime factors of 4826.
2, 19, 127
List the prime factors of 7976.
2, 997
What are the prime factors of 1417?
13, 109
What are the prime factors of 1548?
2, 3, 43
List the prime factors of 1164.
2, 3, 97
List the prime factors of 2895.
3, 5, 193
What are the prime factors of 113039?
113039
What are the prime factors of 8599?
8599
List the p